es 20 divide 31360?
True
Is 83 a factor of 321?
False
Does 34 divide 6805?
False
Is 759 a multiple of 13?
False
Is 13 a factor of 161?
False
Does 13 divide 8320?
True
Does 16 divide 496?
True
Does 182 divide 8918?
True
Does 61 divide 1403?
True
Is 54 a factor of 306?
False
Does 28 divide 1130?
False
Does 68 divide 3536?
True
Is 18893 a multiple of 25?
False
Is 2199 a multiple of 27?
False
Does 38 divide 6878?
True
Is 2755 a multiple of 19?
True
Does 42 divide 743?
False
Does 12 divide 206?
False
Is 12925 a multiple of 47?
True
Does 30 divide 1280?
False
Is 7 a factor of 3461?
False
Is 198 a multiple of 22?
True
Does 50 divide 1350?
True
Does 37 divide 3293?
True
Does 68 divide 884?
True
Does 10 divide 1070?
True
Is 203 a factor of 6694?
False
Does 27 divide 280?
False
Does 10 divide 250?
True
Does 55 divide 905?
False
Is 324 even?
True
Does 3 divide 381?
True
Is 1820 a multiple of 159?
False
Is 2499 a multiple of 21?
True
Is 817 a multiple of 19?
True
Does 2 divide 835?
False
Is 6196 a multiple of 32?
False
Is 61 even?
False
Is 31 a factor of 4565?
False
Does 14 divide 1117?
False
Does 117 divide 13977?
False
Is 4 a factor of 153?
False
Does 33 divide 297?
True
Is 65 a multiple of 2?
False
Is 522 a multiple of 29?
True
Does 22 divide 10895?
False
Is 104 a factor of 14005?
False
Is 320 a multiple of 10?
True
Does 3 divide 11471?
False
Is 29641 a multiple of 73?
False
Is 31 a factor of 1581?
True
Is 43 a factor of 5117?
True
Is 6 a factor of 323?
False
Is 23 a factor of 306?
False
Is 1383 a multiple of 40?
False
Does 131 divide 14148?
True
Does 58 divide 21113?
False
Does 57 divide 763?
False
Is 12716 a multiple of 17?
True
Is 18 a factor of 291?
False
Is 9 a factor of 306?
True
Does 19 divide 3287?
True
Does 204 divide 73440?
True
Does 73 divide 394?
False
Does 8 divide 135?
False
Does 40 divide 7459?
False
Is 8 a factor of 3288?
True
Does 43 divide 4300?
True
Is 1422 a multiple of 6?
True
Is 5382 a multiple of 23?
True
Is 18 a factor of 1764?
True
Does 31 divide 899?
True
Does 88 divide 4664?
True
Is 557 a multiple of 16?
False
Is 83 a factor of 4390?
False
Does 72 divide 13824?
True
Is 841 a multiple of 13?
False
Does 125 divide 9125?
True
Is 100 a factor of 2047?
False
Is 455 a multiple of 3?
False
Is 9 a factor of 2066?
False
Is 1666 a multiple of 34?
True
Is 18 a factor of 239?
False
Is 71370 a multiple of 9?
True
Is 76 a multiple of 2?
True
Is 19 a factor of 131328?
True
Is 653 a multiple of 3?
False
Does 24 divide 720?
True
Is 787 a multiple of 15?
False
Is 12 a factor of 18192?
True
Is 4350 a multiple of 75?
True
Is 8 a factor of 619?
False
Does 71 divide 3124?
True
Is 1532 a multiple of 9?
False
Does 2 divide 6775?
False
Is 2997 a multiple of 81?
True
Is 225 a factor of 2162?
False
Does 7 divide 73?
False
Is 3776 a multiple of 112?
False
Is 13 a factor of 364?
True
Is 288 a multiple of 32?
True
Is 6 a factor of 420?
True
Is 1799 a multiple of 5?
False
Is 10 a factor of 1941?
False
Is 4816 a multiple of 56?
True
Is 380 a multiple of 5?
True
Is 71 a factor of 3430?
False
Does 7 divide 8549?
False
Is 40 a factor of 73422?
False
Does 106 divide 50982?
False
Is 312 a multiple of 4?
True
Does 42 divide 966?
True
Is 9 a factor of 27?
True
Is 73 a factor of 4964?
True
Is 26 a factor of 68250?
True
Is 64 a factor of 7417?
False
Is 13 a factor of 20215?
True
Is 30 a factor of 35340?
True
Is 680 a multiple of 34?
True
Does 17 divide 2682?
False
Is 44 a factor of 1452?
True
Does 2 divide 123?
False
Is 36252 a multiple of 53?
True
Is 72 a factor of 2540?
False
Is 25 a multiple of 4?
False
Is 104 a multiple of 17?
False
Is 54 a factor of 1192?
False
Does 27 divide 56042?
False
Is 12040 a multiple of 86?
True
Is 19 a factor of 1273?
True
Is 552 a multiple of 12?
True
Is 4 a factor of 2704?
True
Is 6 a factor of 204?
True
Is 53 a factor of 1814?
False
Is 17 a factor of 4467?
False
Is 268 a factor of 32696?
True
Is 68 a factor of 3481?
False
Does 13 divide 31?
False
Does 18 divide 6694?
False
Is 36 a multiple of 9?
True
Is 661 a multiple of 54?
False
Does 15 divide 4575?
True
Does 5 divide 6606?
False
Is 41572 a multiple of 9?
False
Does 19 divide 780?
False
Is 335 a multiple of 67?
True
Does 43 divide 13846?
True
Is 1211 a multiple of 14?
False
Is 52974 a multiple of 18?
True
Is 6 a factor of 273?
False
Is 4090 a multiple of 135?
False
Is 18304 a multiple of 16?
True
Does 115 divide 10120?
True
Does 5 divide 113?
False
Is 34541 a multiple of 88?
False
Does 249 divide 47310?
True
Does 17 divide 2873?
True
Is 1450 a multiple of 7?
False
Is 54 a multiple of 3?
True
Is 1071 a multiple of 21?
True
Is 32175 a multiple of 75?
True
Is 9 a factor of 72?
True
Does 26 divide 3094?
True
Is 11 a factor of 1387?
False
Does 16 divide 20864?
True
Does 138 divide 107804?
False
Does 12 divide 286?
False
Is 16588 a multiple of 6?
False
Does 3 divide 1431?
True
Does 6 divide 3956?
False
Is 325 a multiple of 25?
True
Does 12 divide 684?
True
Does 6 divide 42?
True
Is 2550 a multiple of 3?
True
Does 22 divide 1320?
True
Does 15 divide 645?
True
Is 13629 a multiple of 59?
True
Is 122 a factor of 3416?
True
Is 8 a factor of 16?
True
Is 97210 a multiple of 308?
False
Is 18 a factor of 85281?
False
Does 102 divide 11424?
True
Is 187 a factor of 40579?
True
Does 39 divide 17784?
True
Is 4150 even?
True
Is 3240 a multiple of 20?
True
Does 26 divide 5824?
True
Is 21722 a multiple of 17?
False
Does 51 divide 2601?
True
Does 100 divide 57200?
True
Is 7128 a multiple of 11?
True
Is 28267 a multiple of 225?
False
Is 96 a factor of 68780?
False
Is 100 a factor of 4504?
False
Is 2041 a multiple of 8?
False
Does 13 divide 936?
True
Does 91 divide 4095?
True
Is 6048 a multiple of 46?
False
Does 37 divide 1591?
True
Is 44805 a multiple of 103?
True
Does 17 divide 13580?
False
Is 1079 a multiple of 8?
False
Does 12 divide 736?
False
Is 21 a factor of 966?
True
Does 67 divide 10452?
True
Is 49 a factor of 392?
True
Is 17358 a multiple of 66?
True
Does 43 divide 87419?
True
Is 5 a factor of 1716?
False
Does 10 divide 16410?
True
Does 7 divide 81097?
False
Does 4 divide 3416?
True
Is 104 a multiple of 2?
True
Does 7 divide 1155?
True
Does 16 divide 22300?
False
Is 3 a factor of 6741?
True
Is 210 a multiple of 15?
True
Is 55 a multiple of 3?
False
Is 14 a factor of 29325?
False
Does 6 divide 464?
False
Is 103 a factor of 8034?
True
Is 11 a factor of 1211?
False
Does 56 divide 336?
True
Does 103 divide 1818?
False
Does 26 divide 4784?
True
Is 260 a multiple of 10?
True
Is 1317 a multiple of 12?
False
Does 21 divide 6048?
True
Is 7102 a multiple of 134?
True
Is 49 a factor of 6996?
False
Does 45 divide 13486?
False
Is 21201 a multiple of 191?
True
Is 1200 a multiple of 11?
False
Does 19 divide 4693?
True
Does 55 divide 11911?
False
Is 13 a factor of 48529?
True
Does 47 divide 33752?
False
Is 56 a factor of 140?
False
Is 518 a multiple of 45?
False
Does 10 divide 190?
True
Is 19976 a multiple of 33?
False
Is 73465 a multiple of 55?
False
Is 1150 a multiple of 25?
True
Is 51 a factor of 1118?
False
Is 5 a factor of 250?
True
Is 28405 a multiple of 85?
False
Is 2626 a multiple of 20?
False
Is 2 a factor of 246?
True
Is 20325 a multiple of 15?
True
Is 3864 a multiple of 13?
False
Is 20 a factor of 1900?
True
Does 160 divide 5242?
False
Is 289 a factor of 1734?
True
Is 8160 a multiple of 34?
True
Is 46 a factor of 39119?
False
Is 30589 a multiple of 181?
True
Does 14 divide 3654?
True
Does 2 divide 3392?
True
Does 54 divide 304?
False
Is 79203 a multiple of 24?
False
Is 2702 a multiple of 11?
False
Is 3664 a multiple of 16?
True
Is 139 a multiple of 6?
False
Is 2800 a multiple of 14?
True
Does 38 divide 1157?
False
Is 1353 a multiple of 33?
True
Is 13217 a multiple of 2?
False
Does 81 divide 243?
True
Is 48 a factor of 1344?
True
Does 32 divide 2656?
True
Is 4680 a multiple of 30?
True
Is 29 a factor of 1122?
False
Does 14 divide 15302?
True
Is 738 a multiple of 41?
True
Is 49 a factor of 5047?
True
Is 22 a factor of 220?
True
Is 51 a factor of 1122?
True
Is 722 a multiple of 62?
False
Is 1252 a multiple of 31?
False
Does 10 divide 14210?
True
Is 9 a factor of 258?
False
Is 3880 a multiple of 20?
True
Is 12447 a multiple of 18?
False
Is 4144 a multiple of 37?
True
Does 17 divide 103?
False
Is 42